{"id":684,"date":"2020-02-24T15:07:58","date_gmt":"2020-02-24T14:07:58","guid":{"rendered":"http:\/\/projects.sz-ybbs.ac.at\/~swop\/?page_id=684"},"modified":"2020-02-24T15:20:17","modified_gmt":"2020-02-24T14:20:17","slug":"verpackung-gefallig-medewo","status":"publish","type":"page","link":"https:\/\/swop.uefa.sz-ybbs.ac.at\/index.php\/verpackung-gefallig-medewo\/","title":{"rendered":"Verpackung gef\u00e4llig? \u2013 Medewo!"},"content":{"rendered":"<p>Besuch beim Partnerunternehmen der \u00dcbungsfirma SWOP in Wallern<\/p>\n<p>Am 10. Februar 2020 besuchten die Sch\u00fcler der 4BK in Begleitung von Frau Prof. Prichenfried und Frau Prof. Siebeneicher die Medewo GmbH in Wallern. Die Sch\u00fcler wurden von Frau Claudia Jungwirth, der Vertriebsleiterin des erfolgreichen Verpackungsmaterialgro\u00dfh\u00e4ndlers, herzlich begr\u00fc\u00dft. Zu Beginn informierte sie im Rahmen einer interessanten Pr\u00e4sentation \u00fcber die Produkte, das Unternehmensleitbild, das Thema Nachhaltigkeit, die Firmenstandorte und die Wichtigkeit der pers\u00f6nlichen Betreuung und Beratung der Kunden. \u00a0Nach dieser sehr informativen Einf\u00fchrung hatten die Sch\u00fcler die M\u00f6glichkeit, das Lager und die Produkte zu besichtigen. Danach erhielten die Sch\u00fcler eine kleine Jause zur St\u00e4rkung. Besonders interessant war das Kennenlernen der verschiedenen Abteilungen durch pers\u00f6nliche Gespr\u00e4che mit den Abteilungsmitarbeitern in Kleingruppen. Abschlie\u00dfend konnten die Sch\u00fcler Tassen verzieren, diese ordnungsgem\u00e4\u00df verpacken und mit der Schuladresse adressieren. Alle Tassen kamen unversehrt an und k\u00f6nnen nun verwendet werden. Nach einem lehrreichen Tag trafen die Sch\u00fcler um ca. 15:30 Uhr wieder in Ybbs ein.<\/p>\n<p><img loading=\"lazy\" class=\"alignnone wp-image-687\" src=\"https:\/\/swop.uefa.sz-ybbs.ac.at\/wp-content\/uploads\/2020\/02\/IMG_0362-300x169.jpg\" alt=\"\" width=\"599\" height=\"337\" srcset=\"https:\/\/swop.uefa.sz-ybbs.ac.at\/wp-content\/uploads\/2020\/02\/IMG_0362-300x169.jpg 300w, https:\/\/swop.uefa.sz-ybbs.ac.at\/wp-content\/uploads\/2020\/02\/IMG_0362-768x432.jpg 768w, https:\/\/swop.uefa.sz-ybbs.ac.at\/wp-content\/uploads\/2020\/02\/IMG_0362-1024x575.jpg 1024w, https:\/\/swop.uefa.sz-ybbs.ac.at\/wp-content\/uploads\/2020\/02\/IMG_0362-400x225.jpg 400w\" sizes=\"(max-width: 599px) 100vw, 599px\" \/><\/p>\n","protected":false},"excerpt":{"rendered":"<p>Besuch beim Partnerunternehmen der \u00dcbungsfirma SWOP in Wallern<\/p>\n","protected":false},"author":1,"featured_media":686,"parent":0,"menu_order":0,"comment_status":"closed","ping_status":"closed","template":"","meta":[],"_links":{"self":[{"href":"https:\/\/swop.uefa.sz-ybbs.ac.at\/index.php\/wp-json\/wp\/v2\/pages\/684"}],"collection":[{"href":"https:\/\/swop.uefa.sz-ybbs.ac.at\/index.php\/wp-json\/wp\/v2\/pages"}],"about":[{"href":"https:\/\/swop.uefa.sz-ybbs.ac.at\/index.php\/wp-json\/wp\/v2\/types\/page"}],"author":[{"embeddable":true,"href":"https:\/\/swop.uefa.sz-ybbs.ac.at\/index.php\/wp-json\/wp\/v2\/users\/1"}],"replies":[{"embeddable":true,"href":"https:\/\/swop.uefa.sz-ybbs.ac.at\/index.php\/wp-json\/wp\/v2\/comments?post=684"}],"version-history":[{"count":5,"href":"https:\/\/swop.uefa.sz-ybbs.ac.at\/index.php\/wp-json\/wp\/v2\/pages\/684\/revisions"}],"predecessor-version":[{"id":691,"href":"https:\/\/swop.uefa.sz-ybbs.ac.at\/index.php\/wp-json\/wp\/v2\/pages\/684\/revisions\/691"}],"wp:featuredmedia":[{"embeddable":true,"href":"https:\/\/swop.uefa.sz-ybbs.ac.at\/index.php\/wp-json\/wp\/v2\/media\/686"}],"wp:attachment":[{"href":"https:\/\/swop.uefa.sz-ybbs.ac.at\/index.php\/wp-json\/wp\/v2\/media?parent=684"}],"curies":[{"name":"wp","href":"https:\/\/api.w.org\/{rel}","templated":true}]}}