{"id":652,"date":"2019-05-14T15:55:11","date_gmt":"2019-05-14T13:55:11","guid":{"rendered":"http:\/\/projects.sz-ybbs.ac.at\/~swop\/?page_id=652"},"modified":"2019-11-25T15:31:53","modified_gmt":"2019-11-25T14:31:53","slug":"zertifizierung-2019","status":"publish","type":"page","link":"https:\/\/swop.uefa.sz-ybbs.ac.at\/index.php\/zertifizierung-2019\/","title":{"rendered":"Zertifizierung 2019"},"content":{"rendered":"<p>Qualit\u00e4t wird in unserer \u00dcbungsfirma gro\u00dfgeschrieben und die Arbeiten unterliegen st\u00e4ndigen Ver\u00e4nderungen und Weiterentwicklungen.<\/p>\n<p>Mit dem Qualit\u00e4tsmanagement verfolgen wir das Ziel, die Unternehmensprozesse so zu gestalten, dass wir als verl\u00e4ssliche Gesch\u00e4ftspartner am \u00dcbungsfirmenmarkt teilnehmen k\u00f6nnen.<\/p>\n<p>Aktuelle Trends des Wirtschaftslebens in den Bereichen Digitalisierung, Nachhaltigkeit und soziale Sensibilit\u00e4t wurden bei der Erstellung des neuen Kriterienkatalogs ber\u00fccksichtigt.<\/p>\n<p>Im Rahmen des Zertifizierungsprozesses unterzogen wir uns einem Qualit\u00e4tsaudit und bestanden dies unproblematisch. Die \u00dcberreichung der Zertifikate fand am 30. April 2019 in St. P\u00f6lten auf der \u00dcbungsfirmenmesse feierlich statt.<\/p>\n<p>&nbsp;<\/p>\n<p><img loading=\"lazy\" class=\"alignnone wp-image-653\" src=\"https:\/\/swop.uefa.sz-ybbs.ac.at\/wp-content\/uploads\/2019\/05\/IMG_1895-225x300.jpg\" alt=\"\" width=\"303\" height=\"404\" srcset=\"https:\/\/swop.uefa.sz-ybbs.ac.at\/wp-content\/uploads\/2019\/05\/IMG_1895-225x300.jpg 225w, https:\/\/swop.uefa.sz-ybbs.ac.at\/wp-content\/uploads\/2019\/05\/IMG_1895-768x1024.jpg 768w, https:\/\/swop.uefa.sz-ybbs.ac.at\/wp-content\/uploads\/2019\/05\/IMG_1895-400x533.jpg 400w\" sizes=\"(max-width: 303px) 100vw, 303px\" \/><\/p>\n","protected":false},"excerpt":{"rendered":"<p>Qualit\u00e4t wird in unserer \u00dcbungsfirma gro\u00dfgeschrieben und die Arbeiten unterliegen st\u00e4ndigen Ver\u00e4nderungen und Weiterentwicklungen.<\/p>\n","protected":false},"author":1,"featured_media":657,"parent":0,"menu_order":0,"comment_status":"closed","ping_status":"closed","template":"","meta":[],"_links":{"self":[{"href":"https:\/\/swop.uefa.sz-ybbs.ac.at\/index.php\/wp-json\/wp\/v2\/pages\/652"}],"collection":[{"href":"https:\/\/swop.uefa.sz-ybbs.ac.at\/index.php\/wp-json\/wp\/v2\/pages"}],"about":[{"href":"https:\/\/swop.uefa.sz-ybbs.ac.at\/index.php\/wp-json\/wp\/v2\/types\/page"}],"author":[{"embeddable":true,"href":"https:\/\/swop.uefa.sz-ybbs.ac.at\/index.php\/wp-json\/wp\/v2\/users\/1"}],"replies":[{"embeddable":true,"href":"https:\/\/swop.uefa.sz-ybbs.ac.at\/index.php\/wp-json\/wp\/v2\/comments?post=652"}],"version-history":[{"count":6,"href":"https:\/\/swop.uefa.sz-ybbs.ac.at\/index.php\/wp-json\/wp\/v2\/pages\/652\/revisions"}],"predecessor-version":[{"id":682,"href":"https:\/\/swop.uefa.sz-ybbs.ac.at\/index.php\/wp-json\/wp\/v2\/pages\/652\/revisions\/682"}],"wp:featuredmedia":[{"embeddable":true,"href":"https:\/\/swop.uefa.sz-ybbs.ac.at\/index.php\/wp-json\/wp\/v2\/media\/657"}],"wp:attachment":[{"href":"https:\/\/swop.uefa.sz-ybbs.ac.at\/index.php\/wp-json\/wp\/v2\/media?parent=652"}],"curies":[{"name":"wp","href":"https:\/\/api.w.org\/{rel}","templated":true}]}}