{"id":110,"date":"2018-11-28T10:15:07","date_gmt":"2018-11-28T09:15:07","guid":{"rendered":"http:\/\/projects.sz-ybbs.ac.at\/~swop\/?page_id=110"},"modified":"2019-01-09T09:33:10","modified_gmt":"2019-01-09T08:33:10","slug":"firmengeschichte","status":"publish","type":"page","link":"https:\/\/swop.uefa.sz-ybbs.ac.at\/index.php\/uber-uns\/firmengeschichte\/","title":{"rendered":"Firmengeschichte"},"content":{"rendered":"<h1 style=\"text-align: center;\"><span style=\"color: #38a932;\">Firmengeschichte<\/span><\/h1>\n<p style=\"text-align: center;\">Unsere \u00dcbungsfirma SWOP besteht seit 1. Oktober 1995.<br \/>\nDer Name entstand aus den 4 Orten aus denen die Gr\u00fcnder von SWOP stammen: &#8220;Scheibbs-Wieselburg-Oberndorf-Purgstall&#8221;.<\/p>\n<p style=\"text-align: center;\"><img loading=\"lazy\" class=\"alignnone wp-image-526\" src=\"https:\/\/swop.uefa.sz-ybbs.ac.at\/wp-content\/uploads\/2018\/12\/logo-1.png\" alt=\"\" width=\"233\" height=\"233\" srcset=\"https:\/\/swop.uefa.sz-ybbs.ac.at\/wp-content\/uploads\/2018\/12\/logo-1.png 705w, https:\/\/swop.uefa.sz-ybbs.ac.at\/wp-content\/uploads\/2018\/12\/logo-1-150x150.png 150w, https:\/\/swop.uefa.sz-ybbs.ac.at\/wp-content\/uploads\/2018\/12\/logo-1-300x300.png 300w, https:\/\/swop.uefa.sz-ybbs.ac.at\/wp-content\/uploads\/2018\/12\/logo-1-270x270.png 270w, https:\/\/swop.uefa.sz-ybbs.ac.at\/wp-content\/uploads\/2018\/12\/logo-1-230x230.png 230w\" sizes=\"(max-width: 233px) 100vw, 233px\" \/><br \/>\nVor kurzem wurde auch unser ganzes Corporate Design komplett ge\u00e4ndert. Mit dem neuen Logo wollen wir nun moderner in den \u00dcbungsfirmenmarkt treten. Die neuen Farben verk\u00f6rpern verschiedene Eigenschaften und wurden passend f\u00fcr unsere \u00dcbungsfirma von unseren Kollegen der IT-HTL entworfen. Blau steht f\u00fcr Seriosit\u00e4t, Vertrauen und Sicherheit. Gr\u00fcn steht f\u00fcr Jugendlichkeit, Wachstum und Lebendigkeit.<\/p>\n<p style=\"text-align: center;\">\n","protected":false},"excerpt":{"rendered":"<p>Hier k\u00f6nnen Sie mehr \u00fcber unsere Firmengeschichte erfahren!<\/p>\n","protected":false},"author":1,"featured_media":569,"parent":33,"menu_order":0,"comment_status":"closed","ping_status":"closed","template":"","meta":[],"_links":{"self":[{"href":"https:\/\/swop.uefa.sz-ybbs.ac.at\/index.php\/wp-json\/wp\/v2\/pages\/110"}],"collection":[{"href":"https:\/\/swop.uefa.sz-ybbs.ac.at\/index.php\/wp-json\/wp\/v2\/pages"}],"about":[{"href":"https:\/\/swop.uefa.sz-ybbs.ac.at\/index.php\/wp-json\/wp\/v2\/types\/page"}],"author":[{"embeddable":true,"href":"https:\/\/swop.uefa.sz-ybbs.ac.at\/index.php\/wp-json\/wp\/v2\/users\/1"}],"replies":[{"embeddable":true,"href":"https:\/\/swop.uefa.sz-ybbs.ac.at\/index.php\/wp-json\/wp\/v2\/comments?post=110"}],"version-history":[{"count":10,"href":"https:\/\/swop.uefa.sz-ybbs.ac.at\/index.php\/wp-json\/wp\/v2\/pages\/110\/revisions"}],"predecessor-version":[{"id":600,"href":"https:\/\/swop.uefa.sz-ybbs.ac.at\/index.php\/wp-json\/wp\/v2\/pages\/110\/revisions\/600"}],"up":[{"embeddable":true,"href":"https:\/\/swop.uefa.sz-ybbs.ac.at\/index.php\/wp-json\/wp\/v2\/pages\/33"}],"wp:featuredmedia":[{"embeddable":true,"href":"https:\/\/swop.uefa.sz-ybbs.ac.at\/index.php\/wp-json\/wp\/v2\/media\/569"}],"wp:attachment":[{"href":"https:\/\/swop.uefa.sz-ybbs.ac.at\/index.php\/wp-json\/wp\/v2\/media?parent=110"}],"curies":[{"name":"wp","href":"https:\/\/api.w.org\/{rel}","templated":true}]}}